{"id":2714,"date":"2023-02-25T22:54:25","date_gmt":"2023-02-25T22:54:25","guid":{"rendered":"https:\/\/www.felipehenriquez.com\/?page_id=2714"},"modified":"2023-02-28T21:03:55","modified_gmt":"2023-02-28T21:03:55","slug":"diviunidad","status":"publish","type":"page","link":"https:\/\/www.felipehenriquez.com\/index.php\/diviunidad\/","title":{"rendered":"Diviunidad"},"content":{"rendered":"<p><div class=\"fusion-fullwidth fullwidth-box fusion-builder-row-1 fusion-flex-container has-pattern-background has-mask-background nonhundred-percent-fullwidth non-hundred-percent-height-scrolling\" style=\"--awb-border-radius-top-left:0px;--awb-border-radius-top-right:0px;--awb-border-radius-bottom-right:0px;--awb-border-radius-bottom-left:0px;--awb-flex-wrap:wrap;\" ><div class=\"fusion-builder-row fusion-row fusion-flex-align-items-flex-start fusion-flex-content-wrap\" style=\"max-width:95.68%;margin-left: calc(-4% \/ 2 );margin-right: calc(-4% \/ 2 );\"><div class=\"fusion-layout-column fusion_builder_column fusion-builder-column-0 fusion_builder_column_1_2 1_2 fusion-flex-column\" style=\"--awb-padding-bottom:70px;--awb-bg-size:cover;--awb-width-large:50%;--awb-margin-top-large:151px;--awb-spacing-right-large:4.224%;--awb-margin-bottom-large:45px;--awb-spacing-left-large:3.84%;--awb-width-medium:100%;--awb-order-medium:0;--awb-spacing-right-medium:1.92%;--awb-spacing-left-medium:1.92%;--awb-width-small:100%;--awb-order-small:0;--awb-spacing-right-small:1.92%;--awb-spacing-left-small:1.92%;\"><div class=\"fusion-column-wrapper fusion-column-has-shadow fusion-flex-justify-content-flex-start fusion-content-layout-column\"><div class=\"fusion-image-element \" style=\"--awb-caption-title-font-family:var(--h2_typography-font-family);--awb-caption-title-font-weight:var(--h2_typography-font-weight);--awb-caption-title-font-style:var(--h2_typography-font-style);--awb-caption-title-size:var(--h2_typography-font-size);--awb-caption-title-transform:var(--h2_typography-text-transform);--awb-caption-title-line-height:var(--h2_typography-line-height);--awb-caption-title-letter-spacing:var(--h2_typography-letter-spacing);\"><span class=\" fusion-imageframe imageframe-none imageframe-1 hover-type-none\"><img decoding=\"async\" width=\"600\" height=\"337\" title=\"logo-diviunidad_Transparente\" src=\"https:\/\/www.felipehenriquez.com\/wp-content\/uploads\/2023\/02\/logo-diviunidad_Transparente.png\" data-orig-src=\"https:\/\/www.felipehenriquez.com\/wp-content\/uploads\/2023\/02\/logo-diviunidad_Transparente-600x337.png\" alt class=\"lazyload img-responsive wp-image-2643\" srcset=\"data:image\/svg+xml,%3Csvg%20xmlns%3D%27http%3A%2F%2Fwww.w3.org%2F2000%2Fsvg%27%20width%3D%273780%27%20height%3D%272120%27%20viewBox%3D%270%200%203780%202120%27%3E%3Crect%20width%3D%273780%27%20height%3D%272120%27%20fill-opacity%3D%220%22%2F%3E%3C%2Fsvg%3E\" data-srcset=\"https:\/\/www.felipehenriquez.com\/wp-content\/uploads\/2023\/02\/logo-diviunidad_Transparente-200x112.png 200w, https:\/\/www.felipehenriquez.com\/wp-content\/uploads\/2023\/02\/logo-diviunidad_Transparente-400x224.png 400w, https:\/\/www.felipehenriquez.com\/wp-content\/uploads\/2023\/02\/logo-diviunidad_Transparente-600x337.png 600w, https:\/\/www.felipehenriquez.com\/wp-content\/uploads\/2023\/02\/logo-diviunidad_Transparente-800x449.png 800w, https:\/\/www.felipehenriquez.com\/wp-content\/uploads\/2023\/02\/logo-diviunidad_Transparente-1200x673.png 1200w\" data-sizes=\"auto\" data-orig-sizes=\"(max-width: 1024px) 100vw, (max-width: 640px) 100vw, 1200px\" \/><\/span><\/div><\/div><\/div><div class=\"fusion-layout-column fusion_builder_column fusion-builder-column-1 fusion_builder_column_1_2 1_2 fusion-flex-column\" style=\"--awb-padding-bottom:68px;--awb-bg-size:cover;--awb-width-large:50%;--awb-margin-top-large:0px;--awb-spacing-right-large:0%;--awb-margin-bottom-large:48px;--awb-spacing-left-large:0%;--awb-width-medium:100%;--awb-order-medium:0;--awb-spacing-right-medium:1.92%;--awb-spacing-left-medium:1.92%;--awb-width-small:100%;--awb-order-small:0;--awb-spacing-right-small:1.92%;--awb-spacing-left-small:1.92%;\"><div class=\"fusion-column-wrapper fusion-column-has-shadow fusion-flex-justify-content-flex-start fusion-content-layout-column\"><div class=\"fusion-text fusion-text-1\"><p style=\"font-size: 20px;\" data-fusion-font=\"true\"><span style=\"font-size: 22px;\" data-fusion-font=\"true\"> <\/span><span style=\"color: var(--awb-text-color); font-family: var(--awb-text-font-family); font-size: 22px; font-style: var(--awb-text-font-style); letter-spacing: var(--awb-letter-spacing); text-align: var(--awb-content-alignment); text-transform: var(--awb-text-transform); background-color: var(--awb-bg-color);\" data-fusion-font=\"true\">Formamos parte de un entramado consciente e infinito y somos poseedores de algo que va mas all\u00e1 de nuestros sentidos (o\u00eddo, vista, tacto, sensaciones, etc.).<\/span><span style=\"color: var(--awb-text-color); font-family: var(--awb-text-font-family); font-size: 22px; letter-spacing: var(--awb-letter-spacing); text-align: var(--awb-content-alignment); text-transform: var(--awb-text-transform); background-color: var(--awb-bg-color);\"><span style=\"font-style: var(--awb-text-font-style);\"> Por ello, estamos preparados para experimentar la comunicaci\u00f3n intuitiva como gu\u00eda en nuestro desarrollo evolutivo y, desde ah\u00ed, vivir una <\/span><span style=\"color: var(--awb-color4);\"><i>experiencia plena de vida<\/i><\/span><span style=\"font-style: var(--awb-text-font-style);\">.<\/span><\/span><\/p>\n<p style=\"font-size: 22px;\" data-fusion-font=\"true\">Llegamos al estado de <b><i><span style=\"color: var(--awb-color4);\">Diviunidad\u00a9<\/span><\/i><\/b> cuando somos conscientes del uno con El Todo. Es, entonces, cuando nos damos cuenta de que la realidad adquiere miles de formas que esperan a que decidamos cu\u00e1l deseamos experimentar. Alcanzar esta <i><span style=\"color: var(--awb-color4);\">comprensi\u00f3n<\/span><\/i> nos inunda de libertad y, desde ah\u00ed, arm\u00f3nicamente, transformamos, creamos y expandimos nuestras capacidades de manifestar objetivos y metas, convertidos en logros que no solo colman el cuerpo, sino tambi\u00e9n el alma.<\/p>\n<ul>\n<\/ul>\n<\/div><\/div><\/div><\/div><\/div><div class=\"fusion-fullwidth fullwidth-box fusion-builder-row-2 fusion-flex-container has-pattern-background has-mask-background nonhundred-percent-fullwidth non-hundred-percent-height-scrolling\" style=\"--awb-border-radius-top-left:0px;--awb-border-radius-top-right:0px;--awb-border-radius-bottom-right:0px;--awb-border-radius-bottom-left:0px;--awb-padding-right:301px;--awb-padding-bottom:0px;--awb-padding-left:227px;--awb-margin-bottom:0px;--awb-flex-wrap:wrap;\" ><div class=\"fusion-builder-row fusion-row fusion-flex-align-items-flex-start fusion-flex-content-wrap\" style=\"max-width:95.68%;margin-left: calc(-4% \/ 2 );margin-right: calc(-4% \/ 2 );\"><div class=\"fusion-layout-column fusion_builder_column fusion-builder-column-2 fusion_builder_column_1_1 1_1 fusion-flex-column\" style=\"--awb-bg-size:cover;--awb-width-large:100%;--awb-margin-top-large:0px;--awb-spacing-right-large:0%;--awb-margin-bottom-large:20px;--awb-spacing-left-large:1.92%;--awb-width-medium:100%;--awb-order-medium:0;--awb-spacing-right-medium:1.92%;--awb-spacing-left-medium:1.92%;--awb-width-small:100%;--awb-order-small:0;--awb-spacing-right-small:1.92%;--awb-spacing-left-small:1.92%;\"><div class=\"fusion-column-wrapper fusion-column-has-shadow fusion-flex-justify-content-flex-start fusion-content-layout-column\"><div class=\"fusion-text fusion-text-2\"><p style=\"font-size: 21px;\" data-fusion-font=\"true\"><i><span style=\"color: var(--awb-color4);\">La certeza<\/span><\/i> de lo que somos y el potencial que podemos desarrollar es lo que motiva a <i><b style=\"color: var(--awb-color4);\">Felipe Henr\u00edquez<\/b><\/i> a canalizar diferentes din\u00e1micas de desarrollo espiritual intuitivo y a ense\u00f1ar el estado vibratorio de nuestra energ\u00eda. <span style=\"color: var(--awb-color4);\"><i>Felipe<\/i><\/span> ense\u00f1a a trav\u00e9s de sus conferencias, cursos y talleres por todo el mundo los conocimientos y las habilidades para trabajar en frecuencias de alta vibraci\u00f3n y a alcanzar los estados de Diuvinidad dentro de nosotros. Todo ello con el <i><span style=\"color: var(--awb-color4);\">objetivo de vivir plenamente<\/span><\/i> y alcanzar grandes resultados.<\/p>\n<p style=\"font-size: 21px;\" data-fusion-font=\"true\"><i>\u00ab<b style=\"color: var(--awb-color4);\">DIVIUNIDAD\u00a9<\/b>: formar parte del Todo es identificarnos con el verdadero prop\u00f3sito para conocer y determinar desde d\u00f3nde vibramos y c\u00f3mo vibrar en la frecuencia energ\u00e9tica adecuada para proyectar la energ\u00eda, que es la llave con la que manifestamos la realidad que experimentamos y desde esa verdad, y haciendo uso de nuestras habilidades, poder elegir\u00bb.<\/i><\/p>\n<p style=\"font-size: 21px;\" data-fusion-font=\"true\"><i><b style=\"color: var(--awb-color4);\">Felipe Henr\u00edquez<\/b><\/i><\/p>\n<ul>\n<\/ul>\n<\/div><\/div><\/div><\/div><\/div><div class=\"fusion-fullwidth fullwidth-box fusion-builder-row-3 fusion-flex-container has-pattern-background has-mask-background nonhundred-percent-fullwidth non-hundred-percent-height-scrolling\" style=\"--awb-border-radius-top-left:0px;--awb-border-radius-top-right:0px;--awb-border-radius-bottom-right:0px;--awb-border-radius-bottom-left:0px;--awb-flex-wrap:wrap;\" ><div class=\"fusion-builder-row fusion-row fusion-flex-align-items-flex-start fusion-flex-content-wrap\" style=\"max-width:95.68%;margin-left: calc(-4% \/ 2 );margin-right: calc(-4% \/ 2 );\"><\/div><\/div><div class=\"fusion-fullwidth fullwidth-box fusion-builder-row-4 fusion-flex-container has-pattern-background has-mask-background nonhundred-percent-fullwidth non-hundred-percent-height-scrolling\" style=\"--awb-border-radius-top-left:0px;--awb-border-radius-top-right:0px;--awb-border-radius-bottom-right:0px;--awb-border-radius-bottom-left:0px;--awb-flex-wrap:wrap;\" ><div class=\"fusion-builder-row fusion-row fusion-flex-align-items-flex-start fusion-flex-content-wrap\" style=\"max-width:95.68%;margin-left: calc(-4% \/ 2 );margin-right: calc(-4% \/ 2 );\"><\/div><\/div><\/p>\n","protected":false},"excerpt":{"rendered":"","protected":false},"author":1,"featured_media":1916,"parent":0,"menu_order":0,"comment_status":"closed","ping_status":"closed","template":"100-width.php","meta":{"_acf_changed":false,"om_disable_all_campaigns":false,"_monsterinsights_skip_tracking":false,"_monsterinsights_sitenote_active":false,"_monsterinsights_sitenote_note":"","_monsterinsights_sitenote_category":0,"footnotes":""},"class_list":["post-2714","page","type-page","status-publish","has-post-thumbnail","hentry"],"acf":[],"aioseo_notices":[],"_links":{"self":[{"href":"https:\/\/www.felipehenriquez.com\/index.php\/wp-json\/wp\/v2\/pages\/2714","targetHints":{"allow":["GET"]}}],"collection":[{"href":"https:\/\/www.felipehenriquez.com\/index.php\/wp-json\/wp\/v2\/pages"}],"about":[{"href":"https:\/\/www.felipehenriquez.com\/index.php\/wp-json\/wp\/v2\/types\/page"}],"author":[{"embeddable":true,"href":"https:\/\/www.felipehenriquez.com\/index.php\/wp-json\/wp\/v2\/users\/1"}],"replies":[{"embeddable":true,"href":"https:\/\/www.felipehenriquez.com\/index.php\/wp-json\/wp\/v2\/comments?post=2714"}],"version-history":[{"count":4,"href":"https:\/\/www.felipehenriquez.com\/index.php\/wp-json\/wp\/v2\/pages\/2714\/revisions"}],"predecessor-version":[{"id":2782,"href":"https:\/\/www.felipehenriquez.com\/index.php\/wp-json\/wp\/v2\/pages\/2714\/revisions\/2782"}],"wp:featuredmedia":[{"embeddable":true,"href":"https:\/\/www.felipehenriquez.com\/index.php\/wp-json\/wp\/v2\/media\/1916"}],"wp:attachment":[{"href":"https:\/\/www.felipehenriquez.com\/index.php\/wp-json\/wp\/v2\/media?parent=2714"}],"curies":[{"name":"wp","href":"https:\/\/api.w.org\/{rel}","templated":true}]}}